y q?
12
Let p be ((-22)/33)/(2/(-9)). Suppose -4*c = -2*k + 12, -p*c + c = 4*k - 4. Suppose k*j + 4*j - 120 = 0. Calculate the remainder when j is divided by 12.
8
Let f(k) = 11*k - 32. Calculate the remainder when 49 is divided by f(4).
1
Let f(p) be the second derivative of -p**5/20 + p**4/3 + p**3/6 - 2*p**2 - 15*p. Calculate the remainder when 15 is divided by f(3).
7
Let d = -8 - -44. Let t(x) = x**3 + 4*x**2 - 2*x - 2. Calculate the remainder when d is divided by t(-2).
6
Let k = 89 + -41. Let f be (-2)/9 - (11 + (-10190)/90). Suppose 13*v - f = 7*v. What is the remainder when k is divided by v?
14
Let u be (-5)/(-1)*2/5. Suppose 4*d = 2*t + 74, -4*d + 3*d + 6 = u*t. What is the remainder when (-63)/(-28)*(-160)/(-6) is divided by d?
12
Suppose -5*a = -5*n - 1785, a + 3*n - 5*n = 352. Let j = -247 + a. Suppose -25 = -4*c + j. Calculate the remainder when c is divided by 18.
17
Suppose 2*t = 8, -5*i + 4*i + 79 = 5*t. What is the remainder when i is divided by ((-6)/4)/(2 + (-129)/60)?
9
Suppose -5*q - 4 = -3*q, 3*x - 2*q - 304 = 0. Let z = 102 - x. What is the remainder when 9 is divided by z?
1
What is the remainder when 4 + 4 + -8 + 201 is divided by 34?
31
Let k(z) be the second derivative of 8*z**3/3 + z**2/2 + 14*z. Let x be 2/2*-1 + 3. What is the remainder when k(x) is divided by 12?
9
Suppose 3*s - 31 - 62 = 0. Let v = 44 - s. What is the remainder when 36 is divided by v?
10
Let h(d) = d**2 - 7*d + 1. Let y be 15/(-5) + 2 + -1. Calculate the remainder when y + (3 - 4) - -38 is divided by h(8).
8
Calculate the remainder when -5 + (-60640)/(-35) + 27/63 is divided by 13.
12
Let j = -229 + 326. What is the remainder when j is divided by 11?
9
Suppose -2*w - 2*o = -74, w - 4*w + 90 = -4*o. What is the remainder when 52 is divided by w?
18
Let y(u) = 6*u**2 + 1. Let i be y(2). Suppose 0 = s - i + 9. What is the remainder when 111 is divided by s?
15
Suppose -52*g + 47*g = -110. Let k(u) = -u + 1. Suppose 9*h + 11 = 8*h. What is the remainder when g is divided by k(h)?
10
Suppose -3*z - 814 = -907. Let n = 64 - 46. Calculate the remainder when z is divided by n.
13
Suppose -5*o = -2*y + 18, 5*y = -13*o + 14*o + 68. Suppose 3*n + 114 = 4*p, -2*p + 4*p - 60 = 3*n. Calculate the remainder when p is divided by y.
13
Let m = 4700 - 4658. Let q = -6 + 4. What is the remainder when m is divided by (-130)/(-14) - q/(-7)?
6
Let m = 322 + -315. What is the remainder when 223 is divided by m?
6
Suppose 0 = 3*r - 4 - 2. Let s be 0/((-1)/(3 - r)). Calculate the remainder when 110/2 - s/2 is divided by 28.
27
Let k = -408 + 666. Let w(a) = 21*a**3 - 73*a**2 + 66*a + 6. What is the remainder when k is divided by w(1)?
18
Suppose 347*i - 373*i = -1378. Calculate the remainder when 1059 is divided by i.
52
Suppose -u + 48 = 3*a - 74, -515 = -5*u + 4*a. Let t(o) = -5*o**3 - 3*o**2. Calculate the remainder when u is divided by t(-2).
23
Let d = 116 - 83. Calculate the remainder when d is divided by 5.
3
Let h(z) = -z**3 - 30*z**2 + 23*z - 88. Calculate the remainder when h(-31) is divided by 44.
28
Let n(o) = -3*o**3 - 11*o**2 + o + 16. Calculate the remainder when n(-5) is divided by 39.
33
Suppose -9*x = -5*x - 72. Suppose -4*r + 5 = 13, 3*r - x = -g. Calculate the remainder when 69 is divided by g.
21
Let t(p) = 13*p + 17. Calculate the remainder when 39 is divided by t(-1).
3
Suppose 366 = 12*x - 6*x. Let f = 71 - x. Calculate the remainder when 47 is divided by f.
7
Suppose -4*d - 5*d + 279 = 0. Suppose p - d = -2*q, -3*q + 28 + 21 = -p. What is the remainder when 31 is divided by q?
15
Suppose -10*j + 10 = -10. Suppose -j*u + 90 = -4*i, 3*u = -i + 2*i + 150. What is the remainder when u is divided by 27?
24
Let w(z) = -z**3 + 5*z**2 + 9*z - 3. Suppose 19 = -4*p + 3*x - 4*x, x - 29 = 4*p. Calculate the remainder when w(5) is divided by 198/21 - p/(-14).
6
Suppose 3*z - 168 = 120. Calculate the remainder when z is divided by 17.
11
Suppose -6*m = -31 - 53. What is the remainder when (-1)/(-1)*3822/m is divided by 12?
9
Let d be ((-4)/(-6))/(1/(-3)). Let q be -1 - 0 - -3 - (2 - 3). Calculate the remainder when (-9)/(-2) + q/d is divided by 3.
0
Let k(t) be the second derivative of -t**5/20 + 5*t**4/6 - t**3 - t**2/2 - 8*t. Calculate the remainder when k(6) is divided by 22.
19
Suppose 15*j - 2*z = 20*j - 45, -3*z - 20 = -5*j. Calculate the remainder when 23 is divided by j.
2
Let a = -23 - -28. Suppose 0 = -v - 4*v - 5, 3*t - a*v = 95. What is the remainder when t is divided by 11?
8
Let j(k) = k**2 + 2*k - 3. Let x be j(-4). Let z = x - 4. Suppose -5*r = y - 435, -26 = -5*y - z. What is the remainder when r is divided by 22?
20
Suppose 0*b + 16 = 4*b. Suppose -4*a - 3*f + 2*f = -119, -b*f - 17 = -a. What is the remainder when a is divided by 28/(-8)*(-7)/((-49)/(-20))?
9
Suppose 3*a + 35 - 248 = 0. Calculate the remainder when 139 is divided by a.
68
Let p = 258 + -141. Let c(g) = 31*g**2 - 1. Calculate the remainder when p is divided by c(-1).
27
Let n = 183 - 176. Calculate the remainder when 53 is divided by n.
4
Let f be 1 - ((-1)/(-3) - 232/12). Suppose -f*b + 26 = -19*b. Calculate the remainder when 77 is divided by b.
25
Suppose 0 = -2*y + 5*x + 47, 31 = y - 2*x - 2*x. Suppose 0 = 4*l - 2*l + o - 151, -l - 5*o = -89. Let m = -53 + l. What is the remainder when m is divided by y?
10
Let a be (-9)/(0 - 3) - -1. Suppose -15 = -b - a. Calculate the remainder when 21 is divided by b.
10
Suppose i + 92 = 5*i. Suppose 16*d + 0 = -0. Suppose 3*k = 2*y - 3*y + 57, 5*y + 5*k - 245 = d. Calculate the remainder when y is divided by i.
22
Let t be (72 - 3) + (-1 - -1). Suppose z - 3 = -3*w - w, -3*z + 3*w = -t. What is the remainder when z is divided by 11?
8
Suppose -6*h = -2*h + 8. Let d(o) = 8*o**2 + o - 4. Suppose 68 - 21 = 4*u - 3*f, 12 = 4*f. Calculate the remainder when d(h) is divided by u.
12
Let n = 6 + -3. Suppose 1 = 2*o - n, 3*p - o = 19. Let i = -20 - -31. Calculate the remainder when i is divided by p.
4
Suppose x - 142 = 31. What is the remainder when x is divided by (-5 - 120/(-16))*28/2?
33
Suppose 0 = -37*c - 9 + 194. Calculate the remainder when 15 + (-4)/(2*-1) is divided by c.
2
Suppose 0 = 4*q + 2*o - 18, -12*q - o + 18 = -7*q. What is the remainder when 8 is divided by q?
2
Suppose -h + 33 = -15. What is the remainder when 1/3 + (-224)/(-12) is divided by (h*1)/4 + -2?
9
Let z(i) = i**3 - 2*i**2 + 6. Let w = -86 - -89. Calculate the remainder when z(w) is divided by 9.
6
Let r(f) = -f**3 + 11*f**2 + 5*f - 6. Calculate the remainder when r(11) is divided by 5 - (8/2)/2.
1
Suppose -1 = -2*m + 9. Suppose 2*j - m*z - 30 - 22 = 0, -4*j + 3*z + 104 = 0. What is the remainder when j is divided by (-27)/(-6)*(0 - -2)?
8
Let x(j) = j**2 - 2*j - 7. Let d = 0 - 12. Let c = -7 - d. What is the remainder when 13 is divided by x(c)?
5
Calculate the remainder when (-1)/(-2)*-6 + 71 is divided by 9.
5
Let g = -1328 + 1360. What is the remainder when g is divided by (34/(-4))/(4/(-8))?
15
Let a(v) = -v + 20. Let c be (3 - 1)*(-497)/14. Let p = c + 129. What is the remainder when p is divided by a(0)?
18
Suppose -245*p - 93 = -248*p. What is the remainder when p is divided by 11?
9
Suppose -4*a + 15 = x, -3*a - 5 = -3*x - 20. Let w = -816 - -871. Calculate the remainder when w is divided by a.
3
Let s = 657 + -607. What is the remainder when s is divided by 8?
2
What is the remainder when 158 is divided by ((192/15)/8)/((-1)/(-95))?
6
Let h = 88 + -75. What is the remainder when 194 is divided by h?
12
Let u be -2 + 5 + (-36)/(-2). Suppose 2*z = -3 + u. Let p = 100 - 65. Calculate the remainder when p is divided by z.
8
Let r(k) = 3*k**2 - 12*k + 20. What is the remainder when r(9) is divided by 20?
15
Suppose 63*s - 2347 + 457 = 0. Calculate the remainder when 116 is divided by s.
26
Calculate the remainder when (-4)/(-22) - 141855/(-1155) is divided by 28.
11
Suppose 13*h - 15*h + 10 = 0. Suppose 7 + 28 = h*g. What is the remainder when 23 is divided by g?
2
Suppose -3*x + 7*x - 400 = -2*w, 5*w + 5*x = 985. Let f(r) = r**3 - 47*r**2 - 88*r - 476. Calculate the remainder when w is divided by f(49).
12
Suppose -6*t + 132 + 36 = 0. Suppose 3*m = 6*m + 27. Let o = t + m. What is the remainder when 36 is divided by o?
17
Suppose 3*o - 29 - 61 = -2*